 common divisor of 171 and 29?
1
Calculate the highest common factor of 9 and 9.
9
Calculate the greatest common factor of 218 and 3706.
218
Calculate the highest common divisor of 147 and 245.
49
Calculate the greatest common factor of 1458 and 234.
18
Calculate the greatest common factor of 1190 and 1088.
34
Calculate the highest common factor of 195 and 156.
39
What is the highest common divisor of 3404 and 184?
92
Calculate the highest common divisor of 38835 and 30.
15
What is the highest common factor of 62 and 310?
62
What is the greatest common divisor of 20 and 820?
20
Calculate the highest common factor of 572 and 20878.
286
What is the greatest common factor of 30 and 480?
30
Calculate the highest common divisor of 44 and 121.
11
Calculate the greatest common divisor of 69 and 38226.
69
Calculate the highest common divisor of 69 and 115.
23
What is the greatest common divisor of 657 and 18?
9
Calculate the highest common factor of 42 and 1554.
42
Calculate the highest common factor of 1061 and 1.
1
What is the greatest common divisor of 225 and 15?
15
What is the highest common divisor of 5 and 195?
5
What is the highest common divisor of 46 and 4?
2
Calculate the greatest common divisor of 85 and 255.
85
What is the highest common divisor of 377 and 52?
13
What is the greatest common factor of 371 and 424?
53
What is the greatest common factor of 119 and 140?
7
What is the highest common factor of 108 and 1107?
27
What is the highest common divisor of 5 and 155?
5
Calculate the highest common factor of 84 and 120.
12
What is the highest common divisor of 18 and 42678?
18
What is the greatest common divisor of 3538 and 122?
122
What is the greatest common factor of 1062 and 450?
18
Calculate the highest common divisor of 17 and 7.
1
Calculate the highest common divisor of 1548 and 54.
18
What is the highest common factor of 30 and 250?
10
What is the highest common divisor of 5 and 116?
1
What is the highest common divisor of 25 and 14750?
25
Calculate the greatest common divisor of 805 and 25.
5
Calculate the greatest common divisor of 1417 and 182.
13
Calculate the greatest common factor of 140 and 40.
20
Calculate the greatest common divisor of 10285 and 170.
85
Calculate the highest common divisor of 12 and 548.
4
Calculate the highest common factor of 650 and 2080.
130
Calculate the greatest common factor of 7 and 1939.
7
Calculate the greatest common divisor of 6 and 1698.
6
Calculate the highest common divisor of 3118 and 2.
2
What is the highest common factor of 3753 and 695?
139
What is the greatest common divisor of 23 and 46?
23
Calculate the greatest common factor of 175 and 475.
25
Calculate the greatest common factor of 390 and 20.
10
Calculate the highest common divisor of 86 and 473.
43
What is the greatest common divisor of 3 and 129?
3
Calculate the greatest common factor of 1387 and 73.
73
What is the highest common divisor of 793 and 13?
13
What is the highest common factor of 74 and 1073?
37
Calculate the highest common divisor of 1798 and 310.
62
What is the greatest common factor of 95945 and 155?
155
Calculate the highest common divisor of 492 and 2542.
82
Calculate the highest common factor of 57 and 1311.
57
Calculate the highest common divisor of 161 and 46.
23
What is the greatest common factor of 424 and 8?
8
Calculate the highest common factor of 248 and 558.
62
Calculate the highest common factor of 78 and 636.
6
What is the highest common divisor of 24 and 384?
24
Calculate the greatest common factor of 884 and 260.
52
What is the highest common factor of 205 and 82?
41
Calculate the highest common factor of 615 and 984.
123
Calculate the highest common factor of 60 and 80.
20
What is the greatest common divisor of 756 and 168?
84
What is the greatest common factor of 570 and 930?
30
Calculate the greatest common factor of 4 and 230.
2
What is the greatest common factor of 176 and 341?
11
Calculate the highest common factor of 774 and 540.
18
What is the highest common factor of 8 and 92?
4
What is the highest common divisor of 368 and 96?
16
What is the highest common divisor of 125 and 100?
25
What is the highest common factor of 20 and 110?
10
Calculate the greatest common factor of 76 and 36.
4
Calculate the greatest common factor of 72 and 1464.
24
Calculate the highest common divisor of 2070 and 2300.
230
Calculate the greatest common divisor of 80 and 30.
10
Calculate the highest common factor of 338 and 273.
13
What is the greatest common divisor of 812 and 87?
29
What is the greatest common factor of 1393 and 12139?
199
What is the greatest common divisor of 55905 and 15?
15
What is the greatest common divisor of 36 and 1236?
12
What is the greatest common divisor of 4473 and 252?
63
Calculate the highest common divisor of 64 and 160.
32
Calculate the highest common factor of 21 and 49.
7
Calculate the greatest common divisor of 374 and 119.
17
Calculate the greatest common factor of 3337 and 284.
71
What is the highest common factor of 33 and 129?
3
What is the greatest common factor of 1704 and 264?
24
Calculate the highest common factor of 1134 and 308.
14
What is the highest common divisor of 335 and 5?
5
Calculate the highest common divisor of 18584 and 184.
184
Calculate the greatest common divisor of 90 and 15.
15
What is the greatest common divisor of 19780 and 20?
20
Calculate the greatest common factor of 143 and 11.
11
What is the greatest common divisor of 13 and 26?
13
What is the highest common divisor of 536 and 128?
8
Calculate the highest common factor of 1 and 389.
1
Calculate the greatest common factor of 30 and 3940.
10
What is the highest common factor of 657 and 73?
73
What is the highest common factor of 189 and 315?
63
What is the greatest common divisor of 1305 and 2465?
145
Calculate the highest common divisor of 1270 and 17018.
254
Calculate the highest common divisor of 1408 and 11.
11
Calculate the highest common factor of 11 and 3069.
11
Calculate the greatest common factor of 4 and 11.
1
What is the highest common divisor of 2356 and 1520?
76
Calculate the highest common factor of 22427 and 41.
41
Calculate the greatest common factor of 245 and 49.
49
What is the highest common factor of 1225 and 25?
25
What is the highest common factor of 390 and 546?
78
What is the greatest common divisor of 671 and 11?
11
Calculate the highest common factor of 156 and 144.
12
What is the greatest common divisor of 75 and 25?
25
What is the greatest common divisor of 12 and 12?
12
Calculate the highest common factor of 28 and 518.
14
What is the highest common divisor of 11855 and 5?
5
What is the highest common factor of 130 and 430?
10
Calculate the highest common divisor of 100 and 7850.
50
Calculate the highest common divisor of 26 and 182.
26
Calculate the greatest common divisor of 70498 and 202.
202
Calculate the greatest common divisor of 348 and 12.
12
What is the highest common factor of 4867 and 93?
31
Calculate the greatest common factor of 3 and 9564.
3
Calculate the highest common divisor of 3816 and 3.
3
Calculate the highest common factor of 10 and 4670.
10
What is the highest common divisor of 42656 and 43?
43
What is the highest common divisor of 7791 and 1176?
147
Calculate the highest common factor of 176 and 638.
22
Calculate the highest common divisor of 28 and 5194.
14
Calculate the highest common divisor of 944 and 2773.
59
What is the greatest common factor of 48 and 264?
24
Calculate the greatest common divisor of 1311 and 184.
23
What is the greatest common divisor of 54 and 432?
54
Calculate the greatest common divisor of 3246 and 6.
6
Calculate the highest common factor of 30 and 730.
10
Calculate the greatest common factor of 27 and 7479.
27
What is the highest common divisor of 144 and 9?
9
What is the greatest common divisor of 95 and 230?
5
Calculate the highest common factor of 374 and 119.
17
Calculate the highest common divisor of 759 and 22.
11
What is the highest common divisor of 69 and 1311?
69
Calculate the greatest common factor of 6068 and 148.
148
What is the greatest common divisor of 22 and 209?
11
What is the greatest common factor of 671 and 2501?
61
What is the highest common divisor of 255 and 102?
51
What is the highest c